 + v. Is p a prime number?
True
Is (-262108)/(-16) + 18/(-24)*1 a prime number?
True
Let p be (10/(-4) + 2)*(346 + -2). Let l = p - -299. Is l prime?
True
Let c = -278 - -523. Suppose 0*v - v = 0. Suppose 2*t = -7*g + 3*g + 944, g + 5*t - c = v. Is g prime?
False
Suppose -18*v + 68950 = -8*v. Suppose v = 11*g - 4*g. Is g a composite number?
True
Suppose 0 = s - 3*h - 196, 3*h + 179 = 2*s - 216. Suppose 3*q - s = 284. Is q prime?
False
Is 6/24*28 - -2472 a prime number?
False
Let k = 1749 + -222. Let i = -820 + -240. Let d = k + i. Is d composite?
False
Let x = -293 + 670. Is x a composite number?
True
Suppose 28*k = 92311 + 472141. Is k a prime number?
False
Suppose 5*v = -3*d + 40, 5*d + 3*v = -v + 45. Suppose -277 - 903 = -4*y + 2*m, d*y + 5*m - 1505 = 0. Let f = -88 + y. Is f a composite number?
True
Suppose w + 4*q - 3385 = 0, -15*q = -w - 13*q + 3391. Is w a composite number?
False
Let c = 1710 + -949. Is c prime?
True
Suppose -23*c + 36079 = 5*i - 19*c, -3*i + 21677 = -5*c. Is i prime?
True
Suppose 15789 = 63*q - 100320. Is q composite?
True
Suppose 3*c = 86 + 7591. Suppose -5*p + 2*p = -c. Is p prime?
True
Suppose -2*k - 5*v + 35478 = k, k + 4*v = 11833. Is k a prime number?
True
Let n = 779 - -4554. Is n a prime number?
True
Let y = -72056 - -127219. Is y a composite number?
False
Let f(p) = -2*p**3 - 23*p**2 - 20*p - 165. Is f(-16) a composite number?
False
Is (6 + 25/(-4))*-18188 prime?
True
Let g(v) = -273*v + 295. Is g(-16) composite?
False
Suppose -3*h - 173 = 4*w + 79, -5*h = 3*w + 178. Let j = w + 23. Let a = 64 + j. Is a composite?
True
Let l(x) = -2*x - 2*x**2 - 7*x - 4 + x**2 + 2*x. Let g be l(-10). Let a = g + 89. Is a a prime number?
False
Let q = 28 + -32. Is -2 + 5 - 304/q composite?
False
Let f(c) = 85*c**2 - 13*c + 17. Is f(-9) composite?
False
Suppose 8*l + 4066 = 6*l. Let b = -994 - l. Is b a composite number?
False
Let u = 18 + 4. Is (148/8 - 0)*u a composite number?
True
Is (-3389)/(-2 - (1 - 2)) composite?
False
Suppose 9*p - 14018 = 13963. Is p composite?
False
Suppose -3*s - 6*s + 0*s = 0. Suppose -3*b - 3*k + 808 = 2*b, s = 5*b - 2*k - 803. Is b composite?
True
Suppose -17*v - 85 + 2108 = 0. Is v a prime number?
False
Suppose -y + 187 = -2*y. Let t = 553 - 289. Let h = y + t. Is h composite?
True
Let h(u) = 533*u + 21. Suppose -2*a - 12 + 20 = 0. Is h(a) prime?
True
Is 20/(-220) - 325920/(-11) a prime number?
True
Suppose 2*x - 3*w - 14 = -0, 4*x - 8 = -4*w. Suppose x*d - 2*s - 2*s = 452, 4*d - 431 = -3*s. Is ((-34)/4)/((-11)/d) a prime number?
False
Is (45/12 + -4)/(4/(-98528)) composite?
True
Suppose 8 = -2*r - 4. Let o = -2 + r. Is 382*(-3 - 28/o) composite?
False
Let d(q) = 4*q + 6. Let i be d(-4). Let z = 16 + i. Is (-4)/z*(-5667)/2 prime?
True
Suppose -39*l = -26*l - 565721. Is l a composite number?
False
Let p(o) = -223*o + 49. Is p(-34) composite?
True
Let l be (9732/(-30))/((-4)/10). Suppose -2*n - 5*w + 3388 = l, -5*n - 5*w + 6450 = 0. Is n composite?
False
Let y be -6 + (-9)/3 + -1. Let i = 137 + y. Is i a prime number?
True
Let j = -3464 - -6391. Is j a composite number?
False
Let u = 19706 - 11872. Is u a prime number?
False
Suppose -10 = -13*r + 18*r, 2*f = r + 73048. Is f composite?
False
Let k(h) = -8*h**3 + 5*h**2 + 12*h + 88. Is k(-7) a prime number?
False
Suppose 4 = -5*h + h. Let i be -3 - (h - (-4)/(-1)). Suppose 0 = v - i*v + 413. Is v a composite number?
True
Let j(u) = 570*u - 7. Let n(p) = -4*p - 5. Let k be n(3). Let a = 19 + k. Is j(a) a composite number?
True
Let x(c) = 57*c**2 - 4*c - 10. Is x(3) a composite number?
False
Let v(i) = 2*i**2 + 4*i + 3. Let d be -4*((-28)/8 - -3). Let h(m) = -m**3 + m**2 + m. Let p be h(d). Is v(p) a composite number?
False
Let f(n) = n**2 + 2*n + 14633. Is f(0) a composite number?
False
Let r be 2/(-3 - 2102/(-700)). Suppose 0 = 4*o + 5*k - 1327, 1997 = 4*o - 5*k + r. Let b = o + 409. Is b a composite number?
True
Suppose 61*n = 54*n + 111013. Is n a prime number?
True
Let q(r) = r. Let d be q(9). Let p = d - 5. Suppose -p*y = -82 - 66. Is y a prime number?
True
Let v(z) = -19*z**3 + 5*z**2 - 2*z + 2. Suppose -x = 3*x - 20. Let f(d) = 38*d**3 - 9*d**2 + 4*d - 3. Let p(j) = x*v(j) + 3*f(j). Is p(2) composite?
False
Let v(j) = 2*j**2 - 15*j + 19. Suppose -3*q = -q - 32. Let t be v(q). Is (t/6)/(5/70) a prime number?
False
Let n = -1 + 3. Let g = -96 + 207. Suppose -149 = -2*j + n*h + g, 3 = -h. Is j a composite number?
False
Suppose 5*v - 10162 = 37843. Is v a composite number?
False
Let i = 37 + -37. Suppose 5*a - 1162 = -4*b + 3*a, i = 3*b + a - 874. Is b prime?
True
Let p(r) = 7*r**3 + 16*r**2 + 9*r + 3. Is p(4) composite?
False
Suppose 6*s = 4*l - 196088, 13*s = 2*l + 9*s - 98046. Is l composite?
False
Is 44245/25 + (-32)/40 a composite number?
True
Suppose -4 - 2 = -2*d - 2*s, -1 = s. Suppose -d - 1552 = -4*x. Is x a prime number?
True
Let d = 3233 - 1716. Is d a prime number?
False
Let t(k) = 97*k**2 + 14*k - 51. Let y be t(-16). Suppose 4769 - y = -12*r. Is r composite?
True
Let k = 2856 + -1846. Suppose 0 = -19*j + 18*j + 1008. Suppose r + 3*r = -2*m + j, -4*r + k = m. Is r composite?
True
Is ((-5864)/(-44))/((-4)/(-22)) composite?
False
Let j be (12/(-8))/(6/16). Is (-1614)/j*8*5/60 a composite number?
False
Let z = -16 + 16. Suppose 3*w - 6*w + 837 = z. Suppose -q - 5*h + 77 = 0, -3*h + w = 3*q - 0*h. Is q composite?
False
Suppose -4*u - 5*v + 35 = 0, 4 = -u + 2*v + v. Suppose 0 = -u*c - 0*c. Suppose 3*k - 223 - 140 = c. Is k a prime number?
False
Suppose 2*d + 15792 = 5*r, -r = 4*r - 5*d - 15795. Is r composite?
True
Let n(o) be the first derivative of 1753*o**3/3 - 3*o**2/2 + o - 47. Is n(-1) composite?
True
Suppose -17*u - 13*u = -43230. Is u a composite number?
True
Suppose 9*a + 0*a = -90. Is (-744)/(-40) - 4/a composite?
False
Suppose -5*t + 4*t = -1, -2*v + t = -1225. Is v a prime number?
True
Suppose -2*h + 5275 = -0*h + a, 5*h = 5*a + 13195. Is h composite?
True
Let j(z) = z + 12. Let a be j(-10). Let f = -1 + 1. Suppose -2*c - a*p = -15 - 21, f = -p - 4. Is c a prime number?
False
Let w(i) = 4*i**2 + 21 - 29 + 11*i - 3*i**2. Let c be w(-12). Suppose -t + 105 = 4*y, 190 = c*t - 2*t + 3*y. Is t a composite number?
False
Suppose 6*h - 2559 = 975. Is h composite?
True
Is 1*(74106/(-6))/(-3) composite?
True
Let r = -29 + 29. Suppose a - 2 = r, f = -a - a + 1661. Is f prime?
True
Let g be 2*(45/(-6) + -1). Let z = -13 - g. Let p(d) = 11*d**2 + 3*d - 1. Is p(z) a composite number?
True
Let m(k) = -k**3 + 12*k**2 - 12*k - 13. Let s = 31 + -21. Is m(s) a composite number?
False
Let k = -550 + 1067. Is k composite?
True
Suppose -614 = -s - 5*i, 27*s - 3*i + 622 = 28*s. Is s a prime number?
False
Let a be 4 - 5 - (3113*-1 - 0). Let s = -1961 + a. Is s composite?
False
Let z(h) = 1083*h - 226. Is z(5) a prime number?
True
Let t = 15 + 1. Suppose 74 + t = -3*p. Is 970/4*(-24)/p a prime number?
False
Let z = 667 - -8932. Is z prime?
False
Suppose 2*b + 2 = 2*u, -2*u = -u - 5*b + 7. Suppose u*x - 95 = 2*x. Is x composite?
True
Let y(g) = -162*g**2 + 15*g - 5. Let q be y(4). Let s = q - -4686. Is s a prime number?
False
Let q be 125/30 + 1/(-6). Suppose 5*w + o - 14103 = 3*o, q*o - 14079 = -5*w. Is w prime?
True
Suppose u + i - 21135 = 0, 3*u - 42258 = u + 4*i. Is u composite?
True
Let u = 448 - 53. Is u a composite number?
True
Let q(r) = -9*r + 3. Let w be q(2). Let x be 5*(-6)/w + -3. Is -1 + x - -3 - -552 prime?
False
Is ((2 - -4)/6)/(4/3068) a prime number?
False
Suppose 0 = -2*z + 2*u + 14614, z = 4*u + 3225 + 4082. Is z prime?
True
Is (-14165)/10*(-6)/(-1 + 4) composite?
False
Let m(w) = -w**2 - 5*w + 1. Let x be m(-4). Suppose 3*l - 5*l = 4*o - 990, -1233 = -5*o - l. Suppose -q + 111 = 3*p - x*p, -2*q - 2*p = -o. Is q composite?
True
Let j = 2537 - 506. Is j a prime number?
False
Suppose -5*s - 2*d = -28339, 0 = 5*s - 2*s - 2*d - 17013. Is s a prime number?
True
Let q(p) = -125 + 64 + 62 + 37*p. Is q(4) a prime number?
True
Let g = 213 - 151. Suppose -3*q + 2*c + g + 101 = 0, -41 = -q - 2*c. Is q composite?
True
Let n be 6167/35 - (-1)/(-5). Let f = -33 + n. Is f prime?
False
Let j be (6/12)/((-1)/(-282)). Suppose 141 = o - 5*n, 2*n + j = o + 7*n. Is o composite?
True
Is (-1115)/(-3)*(78/(-10) - -9) composite?
True
Let c be 27/12 + (-21)